 3068 - 464, 0 = -y - 1. Is s prime?
True
Let p = 76014 - -21485. Is p a composite number?
False
Suppose -3*m + 5*m - 4*i = 4, 0 = -5*m - i - 34. Let v = -2 - m. Is (-71)/((v/(-20))/1) a prime number?
False
Let u = 406 + 3183. Is u a composite number?
True
Let t = -10 - 179. Let r = -2 - t. Is r prime?
False
Let o = 9 + -5. Suppose -w - 3*i = 2*i - 239, 5*i + 1081 = o*w. Suppose -4*a - 218 = -2*m, 3*a = -3*m + 63 + w. Is m prime?
True
Let h = -505 - -856. Suppose -310 = -2*z - 4*s, -s = 2*z - h + 32. Is z prime?
False
Let k(t) = -5*t - 10. Let i be k(-3). Suppose 3*n + 4*c - 1240 = 1489, -4545 = -i*n - 5*c. Is n composite?
False
Let t(w) = 512*w**2 + 3. Let x be -5*(-3)/(-6) - (-1)/2. Is t(x) a composite number?
True
Let d be (5 + -679)*4/(-8). Suppose 2*h = -2*h + 5*y + 439, -4*y + d = 3*h. Is h prime?
False
Let h(x) = -x + 0 - 8*x + x**3 + 11 - 6*x**2. Let i be h(9). Suppose 5*u - i = 42. Is u composite?
False
Let k(b) = b + 8. Let d be k(-5). Let r(t) = 43*t**3 - 3*t**2 - 2 + 217*t**d + 3*t + t**2. Is r(1) a prime number?
False
Let k = 737 - 1132. Let s = 3066 + k. Is s prime?
True
Let t(w) = 72*w**3 + w**2 + 4*w - 7. Is t(2) prime?
False
Let i = -732 - -3209. Is i a composite number?
False
Let c(b) = -b**2 + 313. Let o be c(0). Let v be 622/(0 + 2 - 0). Suppose 3*j + 0*j = -4*d + o, -5*j + v = 4*d. Is d composite?
False
Let j = 12234 + -7265. Is j prime?
True
Suppose -63*v + 46*v + 86309 = 0. Is v prime?
True
Suppose -a = 4*a + 5*l - 3155, 1237 = 2*a - 3*l. Let j = -650 + 275. Let y = j + a. Is y a composite number?
False
Suppose 4*v + 0*i + 6 = 3*i, 5*i = 10. Is (1 + v)/(26/38402) a composite number?
True
Suppose -2160 = 4*m - 2*q, 4*q + 0*q = -3*m - 1631. Suppose -2167 - 889 = 4*u. Let z = m - u. Is z a prime number?
True
Suppose 0 = -19*q + 28*q - 7893. Is q a composite number?
False
Let y be (-8)/(-10)*70/(-7). Let z(x) = x + 8. Let t be z(y). Suppose 0 = v + v - 8, t = -2*c + 3*v + 98. Is c composite?
True
Let d be ((-14)/(-4) - 2)*(-30868)/(-3). Let s = 25201 - d. Is s a composite number?
False
Suppose 5*d - 3*q - 24 = 0, 7*d - 15 = 3*d + q. Suppose -3*u - 4*f + 28 = 0, 5*u + d = f + 19. Suppose u*x + 179 = 5*x. Is x a prime number?
True
Let j = 34 - 98. Let s = 111 + j. Is s composite?
False
Suppose 10 = -3*s + 4. Is (27 + -29)*(1 - (-1759)/s) a prime number?
False
Is (-20)/(-80) - (-3 - (-17071)/(-4)) composite?
False
Let u be (-4)/6 - 110/15. Is ((-40664)/9)/u - 4/(-18) a prime number?
False
Is 2423 - (-3 + (-5)/(-15)*-3) a prime number?
False
Let f be (-1)/(-2) + 1 - 1155/30. Let p = f - -59. Is p a composite number?
True
Let z = 0 + 5. Let b be -2 + z - (1 + -14). Is 1/4 + 2268/b prime?
False
Let x be (4/(-2))/((-1)/(-2)). Let q be 7 - 8 - (2 + 0). Is q/(x/(185 + 3)) composite?
True
Let z(f) = -44*f + 12. Let u be z(-19). Let y = u + -477. Is y prime?
False
Suppose 0 = -2*y + 4 + 56. Is y*(2/(-4) + 2/2) a composite number?
True
Let q be 1/((15/(-6))/(-5)). Suppose 0 = q*i - 4*i + 4. Suppose i*b + 2905 = 7*b. Is b prime?
False
Let l(r) = 6641*r - 65. Is l(2) composite?
False
Let a be (-2 + 3)/(0 - -1). Suppose 5*z = -w + 27, 20 = 2*z - 3*w - a. Suppose c - 13 = z. Is c composite?
False
Suppose 5*y + 15 = -2*k, -7 = 2*y - 0*y + k. Let a(r) = -285*r**2 - 380. Let m(t) = -t**2 - 1. Let w(z) = a(z) - 380*m(z). Is w(y) a composite number?
True
Suppose -k + 4*h = -8622, 0*k + 4*k = -h + 34437. Suppose -2*g = 2*g + 8, -4*w - g = -k. Is w prime?
True
Let z = -3306 + 7723. Is z a prime number?
False
Let p = 7725 - -5828. Is p composite?
False
Let y = -89 + 96. Suppose y*p + p = 7864. Is p a composite number?
False
Suppose -2*g + 8 = 4*i + g, i + 4*g - 2 = 0. Suppose 0*k + 1497 = i*k - 5*w, -4*k + 3001 = -3*w. Is k a composite number?
False
Suppose 0 = 12*z - 2587 - 5129. Let n = -350 + z. Is n a composite number?
False
Suppose 0 = -0*m + 3*m + 2*i - 3197, -2*m - 4*i + 2118 = 0. Is m composite?
False
Let z(p) = -25*p + 2 - 46*p + 6*p. Let l be -6 - (-1 - (-4 - 0)). Is z(l) a prime number?
True
Let c(i) = -i**3 + 6*i**2 + 10*i - 11. Let b(t) = t**2 + 3*t + 3. Let w be b(-4). Is c(w) composite?
True
Let v = 9161 - -1062. Is v a prime number?
True
Suppose -14*j = -15*j + 598. Suppose -4*d + 70 = -j. Let a = d - 36. Is a a prime number?
True
Let k be (0 - -1)/(3/(-9)). Let u(r) = -r**2 - 4*r + 1. Let b be u(k). Suppose -5*q - c + 288 = 0, -q - 2*c + 51 = -b*c. Is q composite?
True
Suppose -k + 2*h = 14, 0 = 2*k + 3*k + 2*h + 46. Let v be 7338/38 + (-26)/247. Let c = v - k. Is c prime?
False
Let v be (-4 - 15)*(-27 + 1). Suppose 2*n + 0*b = 3*b + 478, 0 = 2*n + 5*b - v. Suppose -233 = -2*t + 5*p, p = 2*t + 5*p - n. Is t a composite number?
True
Suppose 37*h - 33*h = 43084. Is h prime?
True
Let m(s) = s**2 + 14*s + 5. Let u be m(-14). Let p(f) = 3*f**3 + 5*f**2 - 5*f + 4. Is p(u) a prime number?
True
Let f(h) = h**3 - h**2 - 9*h - 5. Let u(x) = x**3 - 14*x**2 + 15*x - 20. Let d be u(13). Is f(d) prime?
False
Suppose 9*c - 196823 - 398698 = 0. Is c prime?
True
Let x(q) = -4 - 3*q - 1 + 8*q**3 + 7 - q**2 - 3*q**2. Is x(5) a prime number?
True
Let w be (8/6 + -2)*-3. Suppose -2*v - 2*k - 2 = 0, -4*v - 7 = 5*k - w. Is 1/(v - 4/(-148)) prime?
True
Let m = -3 - -8. Suppose 3*p + 62 = m*p. Is p composite?
False
Suppose -158 = -5*j + 2. Suppose j*l - 2901 = 29*l. Is l composite?
False
Suppose -5*f + 5*a = -640130, 0*f = f - 5*a - 128046. Is f a composite number?
False
Suppose 0*s + 15 = 5*s - g, -s - g + 3 = 0. Suppose -s*t - 2*t = -1325. Is t a composite number?
True
Suppose 15*m - 87898 + 22528 = 0. Is m composite?
True
Let x(u) = u**3 - 4*u**2 - 7*u - 2. Let p be x(5). Let t(w) = -w**3 - 13*w**2 - 11*w + 14. Let a be t(p). Suppose 7*l - 110 = a*l. Is l prime?
False
Let d = -8 + 13. Let x = d + 2. Let p = 10 - x. Is p composite?
False
Let r(a) = -17*a - 1. Let i(v) = -1. Let t(l) = l - 3. Let g(c) = -3*i(c) + t(c). Let k(o) = 6*g(o) + 2*r(o). Is k(-7) prime?
False
Let p = 1040 + 371. Is p prime?
False
Let u be 15402/9 + (2 - (-4)/(-3)). Suppose -n + r = -u, 2*n - 3415 = -r - 0*r. Is n a composite number?
False
Suppose 16*p - 36922 = 78390. Is p a composite number?
False
Suppose -3*f - 94 = -j - 30, -4*f = j + 90. Let i = f - -26. Is 53/((-39)/(-9) - i) a prime number?
False
Let d = -15 + 13. Is (-4)/(-8)*d*-921 a composite number?
True
Let l(c) = -4*c**2 + 2 + 23*c - 5 + 0 + 3*c**2. Is l(10) a composite number?
False
Suppose 4*u + 26*n = 29*n + 29176, -4*u = 4*n - 29148. Is u a composite number?
True
Let j(b) = -2*b - 383. Let n(h) = 3*h + 384. Let t(s) = -5*j(s) - 4*n(s). Is t(0) prime?
True
Let s(q) = 5*q + 8. Let d be s(6). Let n = 169 - d. Is n a prime number?
True
Suppose -2*v - 32*y + 14194 = -36*y, 2*v + 5*y - 14194 = 0. Is v a prime number?
False
Suppose -23*t + 10 = -24*t. Let s(n) = -n**3 - 3*n**2 + 15*n - 9. Is s(t) a prime number?
True
Let p(t) be the second derivative of -t**5/5 - t**4/6 + 7*t**3/6 + 5*t**2/2 - 16*t. Suppose -5 = 5*v + 5*k, -2*v - 2*k - 6 = v. Is p(v) a composite number?
True
Suppose 5208 = -s + 4*s. Suppose -5*n = -s - 759. Is n prime?
True
Let y(n) = n - 3. Let g(f) = f - 3. Let v(q) = -5*g(q) + 6*y(q). Let h be v(5). Suppose -h*c - 2*a = -524, 2*c - 4*a = 797 - 243. Is c composite?
True
Let o = 417 - -257. Is o a composite number?
True
Let j = -2566 + 3123. Is j a prime number?
True
Is ((-13)/(-1))/((-9 + 12)/9) composite?
True
Is -4 + 8 + (0 + 1473 - 0) a composite number?
True
Let x = -3 + 22. Suppose 1775 = -x*g + 5670. Is g composite?
True
Let q = -23248 + 32631. Is q prime?
False
Suppose 1234 = p + 21. Is p a prime number?
True
Let w = 10 + -8. Let m(n) = -n + 12*n**2 + 8*n**w - 8*n**2 + 3 + 0. Is m(2) composite?
True
Let b(u) be the first derivative of 9*u**2 + 10*u - 4. Let a be b(9). Suppose a = 2*l + 18. Is l a prime number?
False
Suppose 0*x + x = 0, -3*k - 2*x = -6. Suppose 0 = -k*j - 3*j + 1735. Is j prime?
True
Suppose -2*l + 79 - 27 = 0. Let n = -24 + l. Suppose -n*d + 261 + 137 = 0. Is d composite?
False
Let z(k) = k + 9. Let b be z(-7). Let m(u) = 8*u + 38*u + 26*u + 55*u + 3. Is m(b) a prime number?
True
Suppose -4*t - 13 = 39. Let x(s) be the third derivative of -2*s**4/3 - 5*s**3/6 - 4*s**2. Is x(t) a prime number?
False
Let t = -107 - -585. Is 2 + ((-6 - -3) + t - -2) a prime number?
True
Suppo